e -6 = -z + 5*q, 4*z = 4*q + 9 - 1. Let t be z*(-4 - -12 - -3). What is the greatest common divisor of 1 and t?
1
Suppose -4*r + 8*r - 4*z - 188 = 0, 0 = 4*r + z - 203. Calculate the greatest common divisor of r and 125.
25
Let d(t) = 6*t**2 + t + 2. Let x be d(2). What is the highest common factor of x and 196?
28
Let g be 10/50 - (-38)/10. Let l(h) = 5*h**3 - h**2 + h - 1. Let b be l(1). Calculate the highest common factor of b and g.
4
Suppose -w - 77 = -4*o, 6*w - 92 = -4*o + 2*w. Suppose 4*p + 5*b = 14, -3*b + o = 4*p - b. Let h = 34 - -8. What is the greatest common divisor of p and h?
6
Suppose -3*z - 2 = -8. Suppose -135 = -z*t - t. What is the greatest common factor of t and 18?
9
Suppose 2*s + 4 - 26 = 0. Calculate the highest common factor of 209 and s.
11
Let u be (-236)/(-16) - 2/(-8). Let f(j) = -6 + 1 - 4 - 2*j. Let t be f(-6). Calculate the highest common factor of t and u.
3
Let r be -4 - (2 - (3 - -27)). What is the highest common divisor of r and 240?
24
Let a be (-6 - -5)*(1 + -35). Let l(i) = 2*i + 2*i - 5*i - 5 + i**2. Let k be l(10). What is the greatest common factor of k and a?
17
Suppose 19*r + 126 = 20*r. Calculate the greatest common factor of r and 28.
14
Let i(h) = 0*h - 3*h + 9 + h**2 - 2 - 3*h. Let u be i(5). What is the highest common divisor of 1 and u?
1
Let x(r) = -r**2 - 10*r - 12. Let y be x(-8). Suppose -2*i - 2*c = -81 - 61, y*c - 350 = -5*i. Calculate the greatest common divisor of 6 and i.
6
Let i(q) = -4*q - 3. Let r be i(-2). Suppose r*m = -y - 252, -y = -3*m + 35 - 191. Let t be 3 + (1 - m - 0). Calculate the highest common divisor of t and 5.
5
Suppose 0 = -0*m + 2*m + 16. Let u be (-2)/m - 351/(-36). Let x be (7/3)/((-2)/(-60)). Calculate the highest common divisor of u and x.
10
Let v be 52*((-6)/9 - 21/(-18)). What is the highest common divisor of 39 and v?
13
Let g(u) = u**2 - 4*u + 11. Let h be g(6). Calculate the highest common divisor of h and 92.
23
Let f(g) = g + 27. Let v be f(0). Suppose -9 = -2*k + v. Suppose 2*n = n + 45. Calculate the greatest common divisor of n and k.
9
Suppose -r - 15 = -z, -3*z - 2*r + 42 = -6*r. Calculate the greatest common divisor of 12 and z.
6
Let v = 7 + -6. Let b = v - -7. Suppose -4*w = -b - 16. Calculate the highest common divisor of 6 and w.
6
Let x(k) = 7 + 0 - 2 + 17*k + 0. Let v = 14 + -9. Let o be x(v). Calculate the highest common divisor of 9 and o.
9
Suppose -r + 3*r - 20 = -3*k, -4*k + 5*r - 4 = 0. Suppose m = 1 + 3. Calculate the greatest common divisor of m and k.
4
Suppose -5*j = 3*a - 87, -a - 46 = -4*j + 27. Suppose 3*g + 25 = y - j, 5*y + 2*g - 198 = 0. Suppose 5 + 3 = b. Calculate the highest common factor of y and b.
8
Let l be (5/(-1))/(8/(-24)). What is the highest common divisor of l and 3?
3
Suppose -4*s = 5*o - 104, -3*s + 36 = -0*o + 2*o. Suppose -h - o = -5*h. What is the highest common factor of h and 18?
6
Suppose 99 - 51 = 6*d. Calculate the greatest common factor of d and 10.
2
Let a(d) = 3*d**2 + 6. Let t be a(5). What is the highest common divisor of 9 and t?
9
Let d be 3/(-9) - (-138)/9. Suppose 21 = -4*x + 5*m, 2*x = 3*m - d + 2. Calculate the greatest common factor of 5 and x.
1
Suppose -29*a + 34*a = 20. Calculate the greatest common factor of 64 and a.
4
Suppose -2*n + 5 = g - 6, -2*n - 7 = -5*g. Calculate the highest common divisor of 33 and g.
3
Let t = -1 - -5. Let j be t/10*(16 - -4). Let i = 40 - 24. Calculate the greatest common divisor of i and j.
8
Let y(z) = z**2 + 10*z - 26. Let c be y(-14). Calculate the greatest common factor of 120 and c.
30
Suppose -4*r + 2*n + 1 - 3 = 0, -5*n = 5*r + 25. Let i be 4 + r - 6/(-1). Calculate the highest common divisor of 16 and i.
8
Let j be (2 - 5 - -17) + -2. What is the highest common factor of 12 and j?
12
Let r(u) = 2*u**2 - u - 1. Let y be r(5). Let h(w) = -3*w - 2. Let k be h(-8). Suppose -2*o + 0*o + k = 0. Calculate the greatest common factor of y and o.
11
Suppose 3*p - 2*a - a - 18 = 0, -4*a + 12 = 5*p. Calculate the highest common factor of 4 and p.
4
Let p be (2 - 1)*90 - (-60)/15. What is the greatest common divisor of p and 235?
47
Let f be 7/3 + 4/6. Suppose 0 = -2*h + f*h + 4*k + 2, -5*h - 4*k + 6 = 0. Suppose -9 = -h*a + 15. Calculate the greatest common factor of 84 and a.
12
Let n(a) be the first derivative of a**4/4 + 8*a**3/3 - 3*a**2/2 + 5*a + 5. Let u be n(-7). Calculate the highest common factor of 15 and u.
15
Let n(p) = p**2 + 5*p + 7. Let a be n(-6). Calculate the highest common factor of a and 13.
13
Let d be 0 - ((-2)/2 + -1) - -12. Calculate the highest common divisor of d and 21.
7
Suppose 2 + 22 = 3*n. Calculate the highest common divisor of n and 56.
8
Suppose f - 5*n = 10, -4*f + 9*f - 30 = 5*n. Let c = 45 - 5. Calculate the greatest common divisor of f and c.
5
Suppose -o + 11 = -z, -4*o + 2 = -2*o + 3*z. Suppose 5*h - 4 = 2*s + 5, 5*s = -10. Calculate the highest common divisor of o and h.
1
Let a = 85 - 43. Let m(n) = n**2 - 18*n + 79. Let x be m(13). What is the highest common divisor of x and a?
14
Suppose -3*g + 5 - 23 = 0. Let j = g + 11. What is the greatest common factor of 20 and j?
5
Let j = 576 - 234. Calculate the highest common factor of j and 38.
38
Suppose 3*t + 16 = 4*t. What is the greatest common divisor of t and 128?
16
Let y(c) = -c - 9. Let f be y(-9). Suppose -h - 4*s + 23 - 9 = 0, f = 5*h + 5*s - 130. What is the highest common factor of 30 and h?
30
Let r(g) = g**2 - 3*g + 2. Suppose -2*m = -4*b + 12, 5*b + 4*m = -0*m + 15. Let l be r(b). Calculate the greatest common divisor of 20 and l.
2
Let d be (180/(-35))/((-6)/56). Let t be (-19)/(399/(-666)) - 4/(-14). Calculate the highest common factor of t and d.
16
Suppose 26 = a - 5*r, -r + 1 - 5 = 0. Suppose h + 2*x - 6 = -x, 5*h - 30 = -4*x. Suppose h*o - 3*o - 162 = 0. Calculate the greatest common divisor of a and o.
6
Let c = 67 + -25. Suppose 2*v + 3*v + 21 = o, 4*o = -4*v + 84. What is the highest common divisor of c and o?
21
Let l(r) = r**3 + r**2. Let k be l(-2). Let m = -1 - k. What is the highest common divisor of 24 and m?
3
Suppose -5*f + 89 = -6. Suppose 4*s - 332 - 472 = 0. Suppose 217 = 2*k - s. What is the highest common factor of k and f?
19
Let z(s) = 5*s + 2. Let d be z(3). Let r = d - 8. Calculate the highest common factor of 99 and r.
9
Let r = -9 + 13. Let z(j) = 0 + 3*j**2 + 4 + 0*j**2 + 5*j - 6 - j**3. Let o be z(r). What is the highest common divisor of o and 3?
1
Let f be 41 - (3 - 0 - 3). Let q = f - 28. Let d(b) = b**2 + b - 7. Let z be d(-5). What is the highest common factor of q and z?
13
Let x be 4 + (2/(-1) - -5). What is the highest common divisor of 14 and x?
7
Let b = 25 - 15. Suppose -4*q - 11 + 27 = 0, 4*q + 14 = j. Calculate the greatest common divisor of b and j.
10
Suppose 4*r + 0*r = 24. Let w = 42 - r. Let b = -40 + 94. What is the greatest common divisor of w and b?
18
Let o be 3 - -2*((-12)/(-8) + -2). Calculate the highest common divisor of o and 1.
1
Let o(d) = d**2 + d + 2. Let j be o(-1). What is the highest common divisor of 5 and j?
1
Suppose g + 3*g - 8 = 0. Let z(v) = v. Let n be z(g). Let c(p) = 3*p**3 - 2*p**2 - p + 1. Let h be c(n). What is the highest common factor of 10 and h?
5
Suppose 0*o - 3 = -o. Suppose 0 = 2*b + 4*f - 78, -43 = -3*b + 5*f + 52. Suppose -o*w + b = 5. Calculate the greatest common divisor of 4 and w.
2
Let l be ((-15)/(-6))/(4/168*3). Calculate the highest common factor of 14 and l.
7
Let s(b) = -3*b**3 - 2*b**2 - 2*b. Let q be s(-2). Calculate the greatest common divisor of 4 and q.
4
Suppose -4*m + 210 = -m. Let x be 114/3 - (1 - 1). Suppose -x = -3*h - p, -4*h - p = -3*p - 64. What is the greatest common factor of m and h?
14
Let w be (6*-1)/3*(-4 - 12). Suppose 1 = b, 3*b = 5*n + 5*b + 3978. Let p be n/(-10) + (-4)/(-10). What is the greatest common divisor of p and w?
16
Suppose 11 + 19 = 3*i. Let n(f) = f**2 - 9*f - 1. Let o be n(i). Calculate the highest common divisor of o and 9.
9
Suppose 0 = -3*b + 29 + 25. Let w = b - -6. Calculate the greatest common factor of 8 and w.
8
Let z = 57 - -97. What is the highest common divisor of 14 and z?
14
Let h(d) = d**2 - 8*d + 7. Let i(k) = k**2 - 7*k + 6. Let a(j) = -3*h(j) + 4*i(j). Let p be a(4). Calculate the greatest common factor of 